{"id":450,"date":"2020-10-26T12:19:47","date_gmt":"2020-10-26T12:19:47","guid":{"rendered":"http:\/\/amwerk.bold-themes.com\/berlin\/?page_id=450"},"modified":"2022-08-22T09:56:41","modified_gmt":"2022-08-22T07:56:41","slug":"history","status":"publish","type":"page","link":"https:\/\/www.brilliant-profitieren.de\/cms\/ueber-uns\/history\/","title":{"rendered":"Geschichte"},"content":{"rendered":"<section id=\"bt_bb_section69f731071c68e\"  class=\"bt_bb_section bt_bb_color_scheme_2 bt_bb_layout_boxed_1000 bt_bb_vertical_align_top bt_bb_top_spacing_100 bt_bb_bottom_spacing_50\"  data-bt-override-class=\"null\"><div class=\"bt_bb_port\"><div class=\"bt_bb_cell\"><div class=\"bt_bb_cell_inner\"><div class=\"bt_bb_row_wrapper\"><div  class=\"bt_bb_row\"  data-bt-override-class=\"{}\"><div  class=\"bt_bb_column col-xxl-12 col-xl-12 bt_bb_vertical_align_top bt_bb_align_left bt_bb_padding_normal\"  data-width=\"12\" data-bt-override-class=\"{}\"><div class=\"bt_bb_column_content\"><div class=\"bt_bb_column_content_inner\"><div  class=\"bt_bb_text\" ><div class=\"bold_timeline_container bold_timeline_container_line_style_solid bold_timeline_container_has_line_style bold_timeline_container_line_thickness_normal bold_timeline_container_item_style_outline bold_timeline_container_line_position_vertical bold_timeline_container_line_position_overlap bold_timeline_container_line_position_center bold_timeline_container_item_frame_thickness_normal bold_timeline_container_item_shape_hard_rounded bold_timeline_container_item_icon_position_line bold_timeline_container_item_icon_shape_hard_rounded bold_timeline_container_item_icon_style_outline bold_timeline_container_item_connection_type_line bold_timeline_container_item_content_display_show bold_timeline_container_item_marker_type_dot bold_timeline_container_item_title_size_normal bold_timeline_container_item_supertitle_style_sticker bold_timeline_container_item_alignment_left bold_timeline_container_item_media_position_bottom bold_timeline_container_item_images_columns_2 bold_timeline_container_item_animation_fade_in bold_timeline_container_group_style_filled bold_timeline_container_group_shape_hard_rounded bold_timeline_container_group_thickness_normal bold_timeline_container_group_content_display_show bold_timeline_container_button_style_outline bold_timeline_container_button_shape_square bold_timeline_container_button_size_small bold_timeline_container_group_title_size_small\" id=\"id_69f731072697a\" data-css-override=\"\"><div class = \"bold_timeline_container_line\"><\/div><div class=\"bold_timeline_container_content\"><div class=\"bold_timeline_group bold_timeline_group_override_style_filled bold_timeline_group_override_shape_hard_rounded bold_timeline_group_override_content_display_show bold_timeline_group_override_title_size_small bold_timeline_animate\" id=\"id_69f7310727124\" data-css-override=\"\"><div class=\"bold_timeline_group_inner\"><div class=\"bold_timeline_group_header\"><div class=\"bold_timeline_group_header_inner\"><h3 class=\"bold_timeline_group_header_title\">Unternehmensgr\u00fcndung<\/h3><\/div><\/div><\/div><div class=\"bold_timeline_group_content\"><div class=\"bold_timeline_item bold_timeline_item_override_style_inherit bold_timeline_item_override_shape_inherit bold_timeline_item_override_frame_thickness_inherit bold_timeline_item_override_connection_type_inherit bold_timeline_item_override_content_display_inherit bold_timeline_item_override_animation_inherit bold_timeline_animate bold_timeline_item_override_marker_type_inherit bold_timeline_item_override_icon_position_inherit bold_timeline_item_override_icon_style_inherit bold_timeline_item_override_icon_shape_inherit bold_timeline_item_override_media_position_inherit bold_timeline_item_override_title_size_inherit bold_timeline_item_override_supertitle_style_inherit bold_timeline_item_override_alignment_inherit bold_timeline_item_has_icon bold_timeline_item_override_images_columns_inherit\" id=\"id_69f73107278aa\" data-css-override=\"\" data-margin-top=\"0\"><div class = \"bold_timeline_item_icon\" data-ico-fontawesome=\"&#xf013;\"><\/div><div class = \"bold_timeline_item_marker\"><\/div><div class = \"bold_timeline_item_connection\"><\/div><div class=\"bold_timeline_item_inner\"><div class=\"bold_timeline_item_header\"><div class=\"bold_timeline_item_header_inner\"><p class=\"bold_timeline_item_header_supertitle\"><span class=\"bold_timeline_item_header_supertitle_inner\">1982<\/span><\/p><\/div><\/div><div class=\"bold_timeline_item_content\"><div class=\"bold_timeline_item_content_inner\"><div class=\"bold_timeline_item_text\" id=\"id_69f7310727bf4\"><div class=\"bold_timeline_item_text_inner\"><p>Meine Intuition war es, mich 1982 selbstst\u00e4ndig zu machen. Nach Jahrzehnte langer Erfahrung im Maschinenbau, Prototypenbau und Einkaufsleiter in dieser Branche habe ich die Erkenntnis gewonnen, das viele Konstruktionsteile auf dem freien Markt k\u00e4uflich erworben werden k\u00f6nnen. Somit habe ich mir zur Aufgabe gemacht, diverse Konstruktionen und Fertigungen im Positiven zu beeinflussen. Meine Kunden konnten dadurch enorme Einsparungen erzielen. Als 2. Standbein habe ich mich dann auf den Handel mit Stahl, Edelstahl, Sondermetalle, NE-Metalle, Kunststoffe sowie technische Maschinenbauteile spezialisiert. Somit hatte ich die M\u00f6glichkeit f\u00fcr meine Kunden Fertigungsteile sowie Kaufteile preiswert anzubieten und alles aus einer Hand zu liefern.<br \/>Als Systemlieferant ist Brilliant-Profitieren in der Lage, alles was der Maschinenbau ben\u00f6tigt, schnell und preiswert zu beschaffen.<br \/>Ich bin auch in der Lage, au\u00dfergew\u00f6hnlich komplizierte Teile (in fast allen Materialien) fertigen zu lassen. Dadurch habe ich mir einen Kundenstamm im Maschinenbau, Automobile, Schausteller-Fahrgesch\u00e4fte, Medizintechnik, Energietechnik erarbeitet.<\/p><\/div><\/div><\/div><\/div><\/div><\/div><\/div><div class=\"bold_timeline_group_show_button\"><div class=\"bold_timeline_group_show_button_inner\">[bold_timeline_item_button title=&#8220;Expand&#8220; style=&#8220;&#8220; shape=&#8220;&#8220; color=&#8220;&#8220; size=&#8220;inline&#8220; url=&#8220;#&#8220; el_class=&#8220;bold_timeline_group_button&#8220;]<\/div><\/div><\/div><\/div><\/div><div class=\"bold_timeline_container bold_timeline_container_line_style_solid bold_timeline_container_has_line_style bold_timeline_container_line_thickness_normal bold_timeline_container_item_style_outline bold_timeline_container_line_position_vertical bold_timeline_container_line_position_overlap bold_timeline_container_line_position_center bold_timeline_container_item_frame_thickness_normal bold_timeline_container_item_shape_hard_rounded bold_timeline_container_item_icon_position_line bold_timeline_container_item_icon_shape_hard_rounded bold_timeline_container_item_icon_style_outline bold_timeline_container_item_connection_type_line bold_timeline_container_item_content_display_show bold_timeline_container_item_marker_type_dot bold_timeline_container_item_title_size_normal bold_timeline_container_item_supertitle_style_sticker bold_timeline_container_item_alignment_left bold_timeline_container_item_media_position_bottom bold_timeline_container_item_images_columns_2 bold_timeline_container_item_animation_fade_in bold_timeline_container_group_style_filled bold_timeline_container_group_shape_hard_rounded bold_timeline_container_group_thickness_normal bold_timeline_container_group_content_display_show bold_timeline_container_button_style_outline bold_timeline_container_button_shape_square bold_timeline_container_button_size_small bold_timeline_container_group_title_size_small\" id=\"id_69f731072835e\" data-css-override=\"\"><div class = \"bold_timeline_container_line\"><\/div><div class=\"bold_timeline_container_content\"><div class=\"bold_timeline_group bold_timeline_group_override_style_filled bold_timeline_group_override_shape_hard_rounded bold_timeline_group_override_content_display_show bold_timeline_group_override_title_size_small bold_timeline_animate\" id=\"id_69f7310728940\" data-css-override=\"\"><div class=\"bold_timeline_group_inner\"><\/div><div class=\"bold_timeline_group_content\"><div class=\"bold_timeline_item bold_timeline_item_override_style_inherit bold_timeline_item_override_shape_inherit bold_timeline_item_override_frame_thickness_inherit bold_timeline_item_override_connection_type_inherit bold_timeline_item_override_content_display_inherit bold_timeline_item_override_animation_inherit bold_timeline_animate bold_timeline_item_override_marker_type_inherit bold_timeline_item_override_icon_position_inherit bold_timeline_item_override_icon_style_inherit bold_timeline_item_override_icon_shape_inherit bold_timeline_item_override_media_position_inherit bold_timeline_item_override_title_size_inherit bold_timeline_item_override_supertitle_style_inherit bold_timeline_item_override_alignment_inherit bold_timeline_item_has_icon bold_timeline_item_override_images_columns_inherit\" id=\"id_69f7310728eba\" data-css-override=\"\" data-margin-top=\"0\"><div class = \"bold_timeline_item_icon\" data-ico-delivery=\"&#xe950;\"><\/div><div class = \"bold_timeline_item_marker\"><\/div><div class = \"bold_timeline_item_connection\"><\/div><div class=\"bold_timeline_item_inner\"><div class=\"bold_timeline_item_header\"><div class=\"bold_timeline_item_header_inner\"><h2 class=\"bold_timeline_item_header_title\">Mitarbeiter<\/h2><\/div><\/div><div class=\"bold_timeline_item_content\"><div class=\"bold_timeline_item_content_inner\"><div class=\"bold_timeline_item_text\" id=\"id_69f7310729026\"><div class=\"bold_timeline_item_text_inner\"><p>Ich habe mich dazu entschlossen, meine Firma alleine zu f\u00fchren. Den Einsatz, den ich f\u00fcr meine Kunden bringe, an Samstag und Sonntagen, wenn n\u00f6tig rund um die Uhr immer erreichbar zu sein, kann man von keinem Mitarbeiter erwarten. Mein Arbeitstag h\u00f6rt dann auf, wenn meine Kunden zufriedengestellt sind. In der Schaustellerbranche sind auch Nachtaktivit\u00e4ten gefragt, um kurzfristig Fahrgesch\u00e4fte mit Ersatzteilen zu versorgen. <\/p><\/div><\/div><\/div><\/div><\/div><\/div><\/div><div class=\"bold_timeline_group_show_button\"><div class=\"bold_timeline_group_show_button_inner\">[bold_timeline_item_button title=&#8220;Expand&#8220; style=&#8220;&#8220; shape=&#8220;&#8220; color=&#8220;&#8220; size=&#8220;inline&#8220; url=&#8220;#&#8220; el_class=&#8220;bold_timeline_group_button&#8220;]<\/div><\/div><\/div><\/div><\/div><\/div><\/div><\/div><\/div><\/div><\/div><\/div><\/div><\/div><\/section><section id=\"bt_bb_section69f731072b8ce\"  data-background_image_src=\"'https:\/\/www.brilliant-profitieren.de\/cms\/wp-content\/uploads\/2020\/11\/img-slider-02.jpg'\" class=\"bt_bb_section bt_bb_layout_boxed_1500 bt_bb_vertical_align_top btLazyLoadBackground bt_bb_background_image bt_bb_background_overlay_dark_solid\" style=\"background-image:url(&#039;https:\/\/www.brilliant-profitieren.de\/cms\/wp-content\/plugins\/bold-page-builder\/img\/blank.gif&#039;);\" data-bt-override-class=\"null\"><div class=\"bt_bb_port\"><div class=\"bt_bb_cell\"><div class=\"bt_bb_cell_inner\"><div class=\"bt_bb_row_wrapper\"><div  class=\"bt_bb_row bt_bb_hidden_xs bt_bb_hidden_ms bt_bb_hidden_sm\"  data-bt-override-class=\"{}\"><div  class=\"bt_bb_column col-xxl-6 col-xl-6 bt_bb_vertical_align_top bt_bb_align_left bt_bb_padding_normal\"  data-width=\"6\" data-bt-override-class=\"{}\"><div class=\"bt_bb_column_content\"><div class=\"bt_bb_column_content_inner\"><\/div><\/div><\/div><div  class=\"bt_bb_column col-xxl-6 col-xl-6 bt_bb_vertical_align_top bt_bb_align_left bt_bb_padding_50 bt_bb_animation_fade_in animate\" style=\"background-color:rgba(255, 255, 255, 1);\" data-width=\"6\" data-bt-override-class=\"{}\"><div class=\"bt_bb_column_content\"><div class=\"bt_bb_column_content_inner\"><div class=\"bt_bb_separator bt_bb_border_style_none bt_bb_bottom_spacing_100\" data-bt-override-class=\"null\"><\/div><header class=\"bt_bb_headline bt_bb_dash_top bt_bb_superheadline bt_bb_size_normal bt_bb_align_inherit\" data-bt-override-class=\"{&quot;bt_bb_size_&quot;:{&quot;current_class&quot;:&quot;bt_bb_size_normal&quot;,&quot;xxl&quot;:&quot;normal&quot;,&quot;xl&quot;:&quot;normal&quot;},&quot;bt_bb_align_&quot;:{&quot;current_class&quot;:&quot;bt_bb_align_inherit&quot;,&quot;xxl&quot;:&quot;inherit&quot;,&quot;xl&quot;:&quot;inherit&quot;}}\"><div class=\"bt_bb_headline_superheadline_outside\"><span class=\"bt_bb_headline_superheadline\"><span>Wer ist Brilliant-Profitieren?<\/span><\/span><\/div><h3><span class=\"bt_bb_headline_content\"><span>Systemlieferant: f\u00fcr den Maschinenbau, Automobile, Schausteller-Fahrgesch\u00e4fte, Medizintechnik, Energietechnik<br \/>\r\n<br \/>\r\n<\/span><\/span><\/h3><\/header><div class=\"bt_bb_separator bt_bb_border_style_none bt_bb_bottom_spacing_40\" data-bt-override-class=\"null\"><\/div><div class=\"bt_bb_separator bt_bb_border_style_none bt_bb_bottom_spacing_100\" data-bt-override-class=\"null\"><\/div><\/div><\/div><\/div><\/div><\/div><div class=\"bt_bb_row_wrapper\"><div  class=\"bt_bb_row bt_bb_hidden_md bt_bb_hidden_lg\"  data-bt-override-class=\"{}\"><div  class=\"bt_bb_column col-xxl-12 col-xl-12 bt_bb_vertical_align_top bt_bb_align_center bt_bb_padding_50 bt_bb_animation_fade_in animate\"  data-width=\"12\" data-bt-override-class=\"{}\"><div class=\"bt_bb_column_content\"><div class=\"bt_bb_column_content_inner\"><div class=\"bt_bb_separator bt_bb_border_style_none bt_bb_bottom_spacing_100\" data-bt-override-class=\"null\"><\/div><header class=\"bt_bb_headline bt_bb_color_scheme_1 bt_bb_dash_top bt_bb_superheadline bt_bb_size_normal bt_bb_align_inherit\" style=\"; --headline-primary-color:#ffffff; --headline-secondary-color:#000000;\" data-bt-override-class=\"{&quot;bt_bb_size_&quot;:{&quot;current_class&quot;:&quot;bt_bb_size_normal&quot;,&quot;xxl&quot;:&quot;normal&quot;,&quot;xl&quot;:&quot;normal&quot;},&quot;bt_bb_align_&quot;:{&quot;current_class&quot;:&quot;bt_bb_align_inherit&quot;,&quot;xxl&quot;:&quot;inherit&quot;,&quot;xl&quot;:&quot;inherit&quot;}}\"><div class=\"bt_bb_headline_superheadline_outside\"><span class=\"bt_bb_headline_superheadline\"><span>Wer ist Brilliant-Profitieren?<\/span><\/span><\/div><h3><span class=\"bt_bb_headline_content\"><span>Ein Team aus hochqualifizierten Herstellern, die bereit sind, alle Anforderungen in Bezug auf Fertigung, Werkzeugbau oder Produktdesign und -produktion zu erf\u00fcllen.<\/span><\/span><\/h3><\/header><div class=\"bt_bb_separator bt_bb_border_style_none bt_bb_bottom_spacing_40\" data-bt-override-class=\"null\"><\/div><div class=\"bt_bb_button bt_bb_color_scheme_6 bt_bb_icon_position_left bt_bb_style_filled bt_bb_size_medium bt_bb_width_inline bt_bb_shape_inherit bt_bb_target_self bt_bb_align_inherit\" style=\"; --primary-color:#ffffff; --secondary-color:#00a0dd;\" data-bt-override-class=\"{&quot;bt_bb_size_&quot;:{&quot;current_class&quot;:&quot;bt_bb_size_medium&quot;,&quot;xxl&quot;:&quot;medium&quot;,&quot;xl&quot;:&quot;medium&quot;},&quot;bt_bb_align_&quot;:{&quot;current_class&quot;:&quot;bt_bb_align_inherit&quot;,&quot;xxl&quot;:&quot;inherit&quot;,&quot;xl&quot;:&quot;inherit&quot;}}\"><a href=\"#\" target=\"_self\" class=\"bt_bb_link\" title=\"Begleiten Sie uns bei einem Projekt\"><span class=\"bt_bb_button_text\" >Begleiten Sie uns bei einem Projekt<\/span><\/a><\/div><div class=\"bt_bb_separator bt_bb_border_style_none bt_bb_bottom_spacing_100\" data-bt-override-class=\"null\"><\/div><\/div><\/div><\/div><\/div><\/div><\/div><\/div><\/div><\/section><section id=\"bt_bb_section69f731072bfb4\"  class=\"bt_bb_section bt_bb_layout_boxed_1200 bt_bb_vertical_align_top bt_bb_top_spacing_100\"  data-bt-override-class=\"null\"><div class=\"bt_bb_port\"><div class=\"bt_bb_cell\"><div class=\"bt_bb_cell_inner\"><div class=\"bt_bb_row_wrapper bt_bb_row_width_boxed_1200\"><div  class=\"bt_bb_row\"  data-bt-override-class=\"{}\"><div  class=\"bt_bb_column col-xxl-6 col-xl-6 bt_bb_vertical_align_top bt_bb_align_left bt_bb_padding_normal bt_bb_animation_fade_in animate\"  data-width=\"6\" data-bt-override-class=\"{}\"><div class=\"bt_bb_column_content\"><div class=\"bt_bb_column_content_inner\"><header class=\"bt_bb_headline bt_bb_dash_top bt_bb_superheadline bt_bb_subheadline bt_bb_size_large bt_bb_align_inherit\" data-bt-override-class=\"{&quot;bt_bb_size_&quot;:{&quot;current_class&quot;:&quot;bt_bb_size_large&quot;,&quot;xxl&quot;:&quot;large&quot;,&quot;xl&quot;:&quot;large&quot;},&quot;bt_bb_align_&quot;:{&quot;current_class&quot;:&quot;bt_bb_align_inherit&quot;,&quot;xxl&quot;:&quot;inherit&quot;,&quot;xl&quot;:&quot;inherit&quot;}}\"><div class=\"bt_bb_headline_superheadline_outside\"><span class=\"bt_bb_headline_superheadline\"><span>Kundenzitate<\/span><\/span><\/div><h3><span class=\"bt_bb_headline_content\"><span>Die Leute erz\u00e4hlen es am besten<span class=\"bt_bb_outline_text bt_bb_outline_text_align_left bt_bb_outline_text_size_400\"><span>Quotes<\/span><\/span><\/span><\/span><\/h3><div class=\"bt_bb_headline_subheadline\">Jahr f\u00fcr Jahr erkennen mehrere Branchen Brilliant-Profitieren als f\u00fchrend in Qualit\u00e4t, Service und Innovation an. Wir sind stolz darauf, einer dieser Lieferanten kundenspezifischer L\u00f6sungen zu sein. <\/div><\/header><div class=\"bt_bb_separator bt_bb_border_style_none bt_bb_bottom_spacing_80\" data-bt-override-class=\"null\"><\/div><\/div><\/div><\/div><div  class=\"bt_bb_column col-xxl-6 col-xl-6 bt_bb_vertical_align_top bt_bb_align_left bt_bb_padding_normal\"  data-width=\"6\" data-bt-override-class=\"{}\"><div class=\"bt_bb_column_content\"><div class=\"bt_bb_column_content_inner\"><\/div><\/div><\/div><\/div><\/div><\/div><\/div><\/div><\/section>","protected":false},"excerpt":{"rendered":"","protected":false},"author":1,"featured_media":925,"parent":440,"menu_order":0,"comment_status":"closed","ping_status":"closed","template":"","meta":{"footnotes":""},"class_list":["post-450","page","type-page","status-publish","has-post-thumbnail","hentry"],"yoast_head":"<!-- This site is optimized with the Yoast SEO Premium plugin v21.3 (Yoast SEO v21.3) - https:\/\/yoast.com\/wordpress\/plugins\/seo\/ -->\n<title>Brilliant-Profitieren Geschichte<\/title>\n<meta name=\"description\" content=\"Geschichte\" \/>\n<meta name=\"robots\" content=\"index, follow, max-snippet:-1, max-image-preview:large, max-video-preview:-1\" \/>\n<link rel=\"canonical\" href=\"https:\/\/www.brilliant-profitieren.de\/cms\/ueber-uns\/history\/\" \/>\n<meta name=\"twitter:card\" content=\"summary_large_image\" \/>\n<meta name=\"twitter:title\" content=\"Brilliant-Profitieren Geschichte\" \/>\n<meta name=\"twitter:description\" content=\"Geschichte\" \/>\n<meta name=\"twitter:image\" content=\"https:\/\/www.brilliant-profitieren.de\/cms\/wp-content\/uploads\/2020\/11\/img-big-slide.jpg\" \/>\n<meta name=\"twitter:site\" content=\"@BrilliantProfi\" \/>\n<meta name=\"twitter:label1\" content=\"Gesch\u00e4tzte Lesezeit\" \/>\n\t<meta name=\"twitter:data1\" content=\"6\u00a0Minuten\" \/>\n<script type=\"application\/ld+json\" class=\"yoast-schema-graph\">{\"@context\":\"https:\/\/schema.org\",\"@graph\":[{\"@type\":\"WebPage\",\"@id\":\"https:\/\/www.brilliant-profitieren.de\/cms\/ueber-uns\/history\/\",\"url\":\"https:\/\/www.brilliant-profitieren.de\/cms\/ueber-uns\/history\/\",\"name\":\"Brilliant-Profitieren Geschichte\",\"isPartOf\":{\"@id\":\"https:\/\/www.brilliant-profitieren.de\/cms\/#website\"},\"datePublished\":\"2020-10-26T12:19:47+00:00\",\"dateModified\":\"2022-08-22T07:56:41+00:00\",\"description\":\"Geschichte\",\"breadcrumb\":{\"@id\":\"https:\/\/www.brilliant-profitieren.de\/cms\/ueber-uns\/history\/#breadcrumb\"},\"inLanguage\":\"de\",\"potentialAction\":[{\"@type\":\"ReadAction\",\"target\":[\"https:\/\/www.brilliant-profitieren.de\/cms\/ueber-uns\/history\/\"]}]},{\"@type\":\"BreadcrumbList\",\"@id\":\"https:\/\/www.brilliant-profitieren.de\/cms\/ueber-uns\/history\/#breadcrumb\",\"itemListElement\":[{\"@type\":\"ListItem\",\"position\":1,\"name\":\"Startseite\",\"item\":\"https:\/\/www.brilliant-profitieren.de\/cms\/\"},{\"@type\":\"ListItem\",\"position\":2,\"name\":\"\u00dcber Uns\",\"item\":\"https:\/\/www.brilliant-profitieren.de\/cms\/ueber-uns\/\"},{\"@type\":\"ListItem\",\"position\":3,\"name\":\"Geschichte\"}]},{\"@type\":\"WebSite\",\"@id\":\"https:\/\/www.brilliant-profitieren.de\/cms\/#website\",\"url\":\"https:\/\/www.brilliant-profitieren.de\/cms\/\",\"name\":\"Brilliant-Profitieren - Systemlieferant M\u00fcnchen\",\"description\":\"\",\"publisher\":{\"@id\":\"https:\/\/www.brilliant-profitieren.de\/cms\/#organization\"},\"potentialAction\":[{\"@type\":\"SearchAction\",\"target\":{\"@type\":\"EntryPoint\",\"urlTemplate\":\"https:\/\/www.brilliant-profitieren.de\/cms\/?s={search_term_string}\"},\"query-input\":\"required name=search_term_string\"}],\"inLanguage\":\"de\"},{\"@type\":\"Organization\",\"@id\":\"https:\/\/www.brilliant-profitieren.de\/cms\/#organization\",\"name\":\"Brilliant Profitieren\",\"alternateName\":\"Brilliant Profitieren - Systemlieferant - Rolf Weber\",\"url\":\"https:\/\/www.brilliant-profitieren.de\/cms\/\",\"logo\":{\"@type\":\"ImageObject\",\"inLanguage\":\"de\",\"@id\":\"https:\/\/www.brilliant-profitieren.de\/cms\/#\/schema\/logo\/image\/\",\"url\":\"https:\/\/www.brilliant-profitieren.de\/cms\/wp-content\/uploads\/2022\/11\/Logo_BP-scaled.jpg\",\"contentUrl\":\"https:\/\/www.brilliant-profitieren.de\/cms\/wp-content\/uploads\/2022\/11\/Logo_BP-scaled.jpg\",\"width\":2560,\"height\":1877,\"caption\":\"Brilliant Profitieren\"},\"image\":{\"@id\":\"https:\/\/www.brilliant-profitieren.de\/cms\/#\/schema\/logo\/image\/\"},\"sameAs\":[\"https:\/\/www.facebook.com\/BrilliantProfitieren\/\",\"https:\/\/twitter.com\/BrilliantProfi\"]}]}<\/script>\n<!-- \/ Yoast SEO Premium plugin. -->","yoast_head_json":{"title":"Brilliant-Profitieren Geschichte","description":"Geschichte","robots":{"index":"index","follow":"follow","max-snippet":"max-snippet:-1","max-image-preview":"max-image-preview:large","max-video-preview":"max-video-preview:-1"},"canonical":"https:\/\/www.brilliant-profitieren.de\/cms\/ueber-uns\/history\/","twitter_card":"summary_large_image","twitter_title":"Brilliant-Profitieren Geschichte","twitter_description":"Geschichte","twitter_image":"https:\/\/www.brilliant-profitieren.de\/cms\/wp-content\/uploads\/2020\/11\/img-big-slide.jpg","twitter_site":"@BrilliantProfi","twitter_misc":{"Gesch\u00e4tzte Lesezeit":"6\u00a0Minuten"},"schema":{"@context":"https:\/\/schema.org","@graph":[{"@type":"WebPage","@id":"https:\/\/www.brilliant-profitieren.de\/cms\/ueber-uns\/history\/","url":"https:\/\/www.brilliant-profitieren.de\/cms\/ueber-uns\/history\/","name":"Brilliant-Profitieren Geschichte","isPartOf":{"@id":"https:\/\/www.brilliant-profitieren.de\/cms\/#website"},"datePublished":"2020-10-26T12:19:47+00:00","dateModified":"2022-08-22T07:56:41+00:00","description":"Geschichte","breadcrumb":{"@id":"https:\/\/www.brilliant-profitieren.de\/cms\/ueber-uns\/history\/#breadcrumb"},"inLanguage":"de","potentialAction":[{"@type":"ReadAction","target":["https:\/\/www.brilliant-profitieren.de\/cms\/ueber-uns\/history\/"]}]},{"@type":"BreadcrumbList","@id":"https:\/\/www.brilliant-profitieren.de\/cms\/ueber-uns\/history\/#breadcrumb","itemListElement":[{"@type":"ListItem","position":1,"name":"Startseite","item":"https:\/\/www.brilliant-profitieren.de\/cms\/"},{"@type":"ListItem","position":2,"name":"\u00dcber Uns","item":"https:\/\/www.brilliant-profitieren.de\/cms\/ueber-uns\/"},{"@type":"ListItem","position":3,"name":"Geschichte"}]},{"@type":"WebSite","@id":"https:\/\/www.brilliant-profitieren.de\/cms\/#website","url":"https:\/\/www.brilliant-profitieren.de\/cms\/","name":"Brilliant-Profitieren - Systemlieferant M\u00fcnchen","description":"","publisher":{"@id":"https:\/\/www.brilliant-profitieren.de\/cms\/#organization"},"potentialAction":[{"@type":"SearchAction","target":{"@type":"EntryPoint","urlTemplate":"https:\/\/www.brilliant-profitieren.de\/cms\/?s={search_term_string}"},"query-input":"required name=search_term_string"}],"inLanguage":"de"},{"@type":"Organization","@id":"https:\/\/www.brilliant-profitieren.de\/cms\/#organization","name":"Brilliant Profitieren","alternateName":"Brilliant Profitieren - Systemlieferant - Rolf Weber","url":"https:\/\/www.brilliant-profitieren.de\/cms\/","logo":{"@type":"ImageObject","inLanguage":"de","@id":"https:\/\/www.brilliant-profitieren.de\/cms\/#\/schema\/logo\/image\/","url":"https:\/\/www.brilliant-profitieren.de\/cms\/wp-content\/uploads\/2022\/11\/Logo_BP-scaled.jpg","contentUrl":"https:\/\/www.brilliant-profitieren.de\/cms\/wp-content\/uploads\/2022\/11\/Logo_BP-scaled.jpg","width":2560,"height":1877,"caption":"Brilliant Profitieren"},"image":{"@id":"https:\/\/www.brilliant-profitieren.de\/cms\/#\/schema\/logo\/image\/"},"sameAs":["https:\/\/www.facebook.com\/BrilliantProfitieren\/","https:\/\/twitter.com\/BrilliantProfi"]}]}},"_links":{"self":[{"href":"https:\/\/www.brilliant-profitieren.de\/cms\/wp-json\/wp\/v2\/pages\/450","targetHints":{"allow":["GET"]}}],"collection":[{"href":"https:\/\/www.brilliant-profitieren.de\/cms\/wp-json\/wp\/v2\/pages"}],"about":[{"href":"https:\/\/www.brilliant-profitieren.de\/cms\/wp-json\/wp\/v2\/types\/page"}],"author":[{"embeddable":true,"href":"https:\/\/www.brilliant-profitieren.de\/cms\/wp-json\/wp\/v2\/users\/1"}],"replies":[{"embeddable":true,"href":"https:\/\/www.brilliant-profitieren.de\/cms\/wp-json\/wp\/v2\/comments?post=450"}],"version-history":[{"count":10,"href":"https:\/\/www.brilliant-profitieren.de\/cms\/wp-json\/wp\/v2\/pages\/450\/revisions"}],"predecessor-version":[{"id":1652,"href":"https:\/\/www.brilliant-profitieren.de\/cms\/wp-json\/wp\/v2\/pages\/450\/revisions\/1652"}],"up":[{"embeddable":true,"href":"https:\/\/www.brilliant-profitieren.de\/cms\/wp-json\/wp\/v2\/pages\/440"}],"wp:featuredmedia":[{"embeddable":true,"href":"https:\/\/www.brilliant-profitieren.de\/cms\/wp-json\/wp\/v2\/media\/925"}],"wp:attachment":[{"href":"https:\/\/www.brilliant-profitieren.de\/cms\/wp-json\/wp\/v2\/media?parent=450"}],"curies":[{"name":"wp","href":"https:\/\/api.w.org\/{rel}","templated":true}]}}