{"id":1938,"date":"2023-03-15T16:57:54","date_gmt":"2023-03-15T15:57:54","guid":{"rendered":"https:\/\/www.brilliant-profitieren.de\/cms\/?page_id=1938"},"modified":"2023-03-15T16:59:02","modified_gmt":"2023-03-15T15:59:02","slug":"praezision-und-qualitaet","status":"publish","type":"page","link":"https:\/\/www.brilliant-profitieren.de\/cms\/praezision-und-qualitaet\/","title":{"rendered":"Pr\u00e4zision und Qualit\u00e4t"},"content":{"rendered":"<section id=\"bt_bb_section69f3a93381d26\"  class=\"bt_bb_section bt_bb_layout_wide bt_bb_vertical_align_top\"  data-bt-override-class=\"null\"><div class=\"bt_bb_port\"><div class=\"bt_bb_cell\"><div class=\"bt_bb_cell_inner\"><div class=\"bt_bb_row_wrapper bt_bb_row_push_right bt_bb_row_push_left bt_bb_row_width_boxed_1200\"><div  class=\"bt_bb_row\"  data-bt-override-class=\"{}\"><div  class=\"bt_bb_column col-xxl-6 col-xl-6 bt_bb_vertical_align_top bt_bb_align_left bt_bb_padding_normal bt_bb_animation_fade_in bt_bb_animation_zoom_out animate\"  data-width=\"6\" data-bt-override-class=\"{}\"><div class=\"bt_bb_column_content\"><div class=\"bt_bb_column_content_inner\"><header class=\"bt_bb_headline bt_bb_dash_top bt_bb_subheadline bt_bb_size_large bt_bb_align_inherit\" data-bt-override-class=\"{&quot;bt_bb_size_&quot;:{&quot;current_class&quot;:&quot;bt_bb_size_large&quot;,&quot;xxl&quot;:&quot;large&quot;,&quot;xl&quot;:&quot;large&quot;},&quot;bt_bb_align_&quot;:{&quot;current_class&quot;:&quot;bt_bb_align_inherit&quot;,&quot;xxl&quot;:&quot;inherit&quot;,&quot;xl&quot;:&quot;inherit&quot;}}\"><div class=\"bt_bb_headline_subheadline\">sind Schl\u00fcsselfaktoren in der Teilefertigung. Pr\u00e4zision bezieht sich auf die Genauigkeit und Toleranz der hergestellten Teile, die sicherstellt, dass die Teile den spezifischen Anforderungen entsprechen und in dem vorgesehenen Produkt oder Anlage ordnungsgem\u00e4\u00df funktionieren.<br \/>\r\n<br \/>\r\nQualit\u00e4t bezieht sich auf die F\u00e4higkeit des hergestellten Teils, die spezifischen Anforderungen zu erf\u00fcllen, die in Bezug auf Material, Design, Leistung, Haltbarkeit und andere Faktoren festgelegt sind.<br \/>\r\n<br \/>\r\nDie Erreichung von Pr\u00e4zision und Qualit\u00e4t erfordert eine Kombination aus geeigneten Fertigungsverfahren, pr\u00e4zisen Werkzeugen, sorgf\u00e4ltiger Materialauswahl und -vorbereitung, sowie regelm\u00e4\u00dfige Qualit\u00e4tskontrollen und -tests.<br \/>\r\n<br \/>\r\nAuf diese Weise kann sichergestellt werden, dass die hergestellten Teile den Anforderungen des Kunden entsprechen und die erwartete Leistung und Haltbarkeit aufweisen.<br \/>\r\n<\/div><\/header><div class=\"bt_bb_separator bt_bb_border_style_none bt_bb_bottom_spacing_60\" data-bt-override-class=\"null\"><\/div><\/div><\/div><\/div><div  class=\"bt_bb_column col-xxl-6 col-xl-6 bt_bb_vertical_align_top bt_bb_align_left bt_bb_padding_normal bt_bb_animation_fade_in bt_bb_animation_zoom_out animate\"  data-width=\"6\" data-bt-override-class=\"{}\"><div class=\"bt_bb_column_content\"><div class=\"bt_bb_column_content_inner\"><\/div><\/div><\/div><\/div><\/div><\/div><\/div><\/div><\/section>","protected":false},"excerpt":{"rendered":"","protected":false},"author":1,"featured_media":0,"parent":0,"menu_order":0,"comment_status":"closed","ping_status":"closed","template":"","meta":{"footnotes":""},"class_list":["post-1938","page","type-page","status-publish","hentry"],"yoast_head":"<!-- This site is optimized with the Yoast SEO Premium plugin v21.3 (Yoast SEO v21.3) - https:\/\/yoast.com\/wordpress\/plugins\/seo\/ -->\n<title>Unsere Verpflichtung zu Pr\u00e4zision und Qualit\u00e4t: Maximale Zufriedenheit garantiert<\/title>\n<meta name=\"description\" content=\"Entdecken Sie unsere Produkte, die mit h\u00f6chster Pr\u00e4zision und Qualit\u00e4t hergestellt werden. Wir setzen auf modernste Technologien und strenge Qualit\u00e4tskontrollen, um Ihnen das Beste zu bieten.\" \/>\n<meta name=\"robots\" content=\"index, follow, max-snippet:-1, max-image-preview:large, max-video-preview:-1\" \/>\n<link rel=\"canonical\" href=\"https:\/\/www.brilliant-profitieren.de\/cms\/praezision-und-qualitaet\/\" \/>\n<meta name=\"twitter:card\" content=\"summary_large_image\" \/>\n<meta name=\"twitter:title\" content=\"Unsere Verpflichtung zu Pr\u00e4zision und Qualit\u00e4t: Maximale Zufriedenheit garantiert\" \/>\n<meta name=\"twitter:description\" content=\"Entdecken Sie unsere Produkte, die mit h\u00f6chster Pr\u00e4zision und Qualit\u00e4t hergestellt werden. Wir setzen auf modernste Technologien und strenge Qualit\u00e4tskontrollen, um Ihnen das Beste zu bieten.\" \/>\n<meta name=\"twitter:site\" content=\"@BrilliantProfi\" \/>\n<meta name=\"twitter:label1\" content=\"Gesch\u00e4tzte Lesezeit\" \/>\n\t<meta name=\"twitter:data1\" content=\"2\u00a0Minuten\" \/>\n<script type=\"application\/ld+json\" class=\"yoast-schema-graph\">{\"@context\":\"https:\/\/schema.org\",\"@graph\":[{\"@type\":\"WebPage\",\"@id\":\"https:\/\/www.brilliant-profitieren.de\/cms\/praezision-und-qualitaet\/\",\"url\":\"https:\/\/www.brilliant-profitieren.de\/cms\/praezision-und-qualitaet\/\",\"name\":\"Unsere Verpflichtung zu Pr\u00e4zision und Qualit\u00e4t: Maximale Zufriedenheit garantiert\",\"isPartOf\":{\"@id\":\"https:\/\/www.brilliant-profitieren.de\/cms\/#website\"},\"datePublished\":\"2023-03-15T15:57:54+00:00\",\"dateModified\":\"2023-03-15T15:59:02+00:00\",\"description\":\"Entdecken Sie unsere Produkte, die mit h\u00f6chster Pr\u00e4zision und Qualit\u00e4t hergestellt werden. Wir setzen auf modernste Technologien und strenge Qualit\u00e4tskontrollen, um Ihnen das Beste zu bieten.\",\"breadcrumb\":{\"@id\":\"https:\/\/www.brilliant-profitieren.de\/cms\/praezision-und-qualitaet\/#breadcrumb\"},\"inLanguage\":\"de\",\"potentialAction\":[{\"@type\":\"ReadAction\",\"target\":[\"https:\/\/www.brilliant-profitieren.de\/cms\/praezision-und-qualitaet\/\"]}]},{\"@type\":\"BreadcrumbList\",\"@id\":\"https:\/\/www.brilliant-profitieren.de\/cms\/praezision-und-qualitaet\/#breadcrumb\",\"itemListElement\":[{\"@type\":\"ListItem\",\"position\":1,\"name\":\"Startseite\",\"item\":\"https:\/\/www.brilliant-profitieren.de\/cms\/\"},{\"@type\":\"ListItem\",\"position\":2,\"name\":\"Pr\u00e4zision und Qualit\u00e4t\"}]},{\"@type\":\"WebSite\",\"@id\":\"https:\/\/www.brilliant-profitieren.de\/cms\/#website\",\"url\":\"https:\/\/www.brilliant-profitieren.de\/cms\/\",\"name\":\"Brilliant-Profitieren - Systemlieferant M\u00fcnchen\",\"description\":\"\",\"publisher\":{\"@id\":\"https:\/\/www.brilliant-profitieren.de\/cms\/#organization\"},\"potentialAction\":[{\"@type\":\"SearchAction\",\"target\":{\"@type\":\"EntryPoint\",\"urlTemplate\":\"https:\/\/www.brilliant-profitieren.de\/cms\/?s={search_term_string}\"},\"query-input\":\"required name=search_term_string\"}],\"inLanguage\":\"de\"},{\"@type\":\"Organization\",\"@id\":\"https:\/\/www.brilliant-profitieren.de\/cms\/#organization\",\"name\":\"Brilliant Profitieren\",\"alternateName\":\"Brilliant Profitieren - Systemlieferant - Rolf Weber\",\"url\":\"https:\/\/www.brilliant-profitieren.de\/cms\/\",\"logo\":{\"@type\":\"ImageObject\",\"inLanguage\":\"de\",\"@id\":\"https:\/\/www.brilliant-profitieren.de\/cms\/#\/schema\/logo\/image\/\",\"url\":\"https:\/\/www.brilliant-profitieren.de\/cms\/wp-content\/uploads\/2022\/11\/Logo_BP-scaled.jpg\",\"contentUrl\":\"https:\/\/www.brilliant-profitieren.de\/cms\/wp-content\/uploads\/2022\/11\/Logo_BP-scaled.jpg\",\"width\":2560,\"height\":1877,\"caption\":\"Brilliant Profitieren\"},\"image\":{\"@id\":\"https:\/\/www.brilliant-profitieren.de\/cms\/#\/schema\/logo\/image\/\"},\"sameAs\":[\"https:\/\/www.facebook.com\/BrilliantProfitieren\/\",\"https:\/\/twitter.com\/BrilliantProfi\"]}]}<\/script>\n<!-- \/ Yoast SEO Premium plugin. -->","yoast_head_json":{"title":"Unsere Verpflichtung zu Pr\u00e4zision und Qualit\u00e4t: Maximale Zufriedenheit garantiert","description":"Entdecken Sie unsere Produkte, die mit h\u00f6chster Pr\u00e4zision und Qualit\u00e4t hergestellt werden. Wir setzen auf modernste Technologien und strenge Qualit\u00e4tskontrollen, um Ihnen das Beste zu bieten.","robots":{"index":"index","follow":"follow","max-snippet":"max-snippet:-1","max-image-preview":"max-image-preview:large","max-video-preview":"max-video-preview:-1"},"canonical":"https:\/\/www.brilliant-profitieren.de\/cms\/praezision-und-qualitaet\/","twitter_card":"summary_large_image","twitter_title":"Unsere Verpflichtung zu Pr\u00e4zision und Qualit\u00e4t: Maximale Zufriedenheit garantiert","twitter_description":"Entdecken Sie unsere Produkte, die mit h\u00f6chster Pr\u00e4zision und Qualit\u00e4t hergestellt werden. Wir setzen auf modernste Technologien und strenge Qualit\u00e4tskontrollen, um Ihnen das Beste zu bieten.","twitter_site":"@BrilliantProfi","twitter_misc":{"Gesch\u00e4tzte Lesezeit":"2\u00a0Minuten"},"schema":{"@context":"https:\/\/schema.org","@graph":[{"@type":"WebPage","@id":"https:\/\/www.brilliant-profitieren.de\/cms\/praezision-und-qualitaet\/","url":"https:\/\/www.brilliant-profitieren.de\/cms\/praezision-und-qualitaet\/","name":"Unsere Verpflichtung zu Pr\u00e4zision und Qualit\u00e4t: Maximale Zufriedenheit garantiert","isPartOf":{"@id":"https:\/\/www.brilliant-profitieren.de\/cms\/#website"},"datePublished":"2023-03-15T15:57:54+00:00","dateModified":"2023-03-15T15:59:02+00:00","description":"Entdecken Sie unsere Produkte, die mit h\u00f6chster Pr\u00e4zision und Qualit\u00e4t hergestellt werden. Wir setzen auf modernste Technologien und strenge Qualit\u00e4tskontrollen, um Ihnen das Beste zu bieten.","breadcrumb":{"@id":"https:\/\/www.brilliant-profitieren.de\/cms\/praezision-und-qualitaet\/#breadcrumb"},"inLanguage":"de","potentialAction":[{"@type":"ReadAction","target":["https:\/\/www.brilliant-profitieren.de\/cms\/praezision-und-qualitaet\/"]}]},{"@type":"BreadcrumbList","@id":"https:\/\/www.brilliant-profitieren.de\/cms\/praezision-und-qualitaet\/#breadcrumb","itemListElement":[{"@type":"ListItem","position":1,"name":"Startseite","item":"https:\/\/www.brilliant-profitieren.de\/cms\/"},{"@type":"ListItem","position":2,"name":"Pr\u00e4zision und Qualit\u00e4t"}]},{"@type":"WebSite","@id":"https:\/\/www.brilliant-profitieren.de\/cms\/#website","url":"https:\/\/www.brilliant-profitieren.de\/cms\/","name":"Brilliant-Profitieren - Systemlieferant M\u00fcnchen","description":"","publisher":{"@id":"https:\/\/www.brilliant-profitieren.de\/cms\/#organization"},"potentialAction":[{"@type":"SearchAction","target":{"@type":"EntryPoint","urlTemplate":"https:\/\/www.brilliant-profitieren.de\/cms\/?s={search_term_string}"},"query-input":"required name=search_term_string"}],"inLanguage":"de"},{"@type":"Organization","@id":"https:\/\/www.brilliant-profitieren.de\/cms\/#organization","name":"Brilliant Profitieren","alternateName":"Brilliant Profitieren - Systemlieferant - Rolf Weber","url":"https:\/\/www.brilliant-profitieren.de\/cms\/","logo":{"@type":"ImageObject","inLanguage":"de","@id":"https:\/\/www.brilliant-profitieren.de\/cms\/#\/schema\/logo\/image\/","url":"https:\/\/www.brilliant-profitieren.de\/cms\/wp-content\/uploads\/2022\/11\/Logo_BP-scaled.jpg","contentUrl":"https:\/\/www.brilliant-profitieren.de\/cms\/wp-content\/uploads\/2022\/11\/Logo_BP-scaled.jpg","width":2560,"height":1877,"caption":"Brilliant Profitieren"},"image":{"@id":"https:\/\/www.brilliant-profitieren.de\/cms\/#\/schema\/logo\/image\/"},"sameAs":["https:\/\/www.facebook.com\/BrilliantProfitieren\/","https:\/\/twitter.com\/BrilliantProfi"]}]}},"_links":{"self":[{"href":"https:\/\/www.brilliant-profitieren.de\/cms\/wp-json\/wp\/v2\/pages\/1938","targetHints":{"allow":["GET"]}}],"collection":[{"href":"https:\/\/www.brilliant-profitieren.de\/cms\/wp-json\/wp\/v2\/pages"}],"about":[{"href":"https:\/\/www.brilliant-profitieren.de\/cms\/wp-json\/wp\/v2\/types\/page"}],"author":[{"embeddable":true,"href":"https:\/\/www.brilliant-profitieren.de\/cms\/wp-json\/wp\/v2\/users\/1"}],"replies":[{"embeddable":true,"href":"https:\/\/www.brilliant-profitieren.de\/cms\/wp-json\/wp\/v2\/comments?post=1938"}],"version-history":[{"count":3,"href":"https:\/\/www.brilliant-profitieren.de\/cms\/wp-json\/wp\/v2\/pages\/1938\/revisions"}],"predecessor-version":[{"id":1941,"href":"https:\/\/www.brilliant-profitieren.de\/cms\/wp-json\/wp\/v2\/pages\/1938\/revisions\/1941"}],"wp:attachment":[{"href":"https:\/\/www.brilliant-profitieren.de\/cms\/wp-json\/wp\/v2\/media?parent=1938"}],"curies":[{"name":"wp","href":"https:\/\/api.w.org\/{rel}","templated":true}]}}